or of 1557905 and 85.
5
What is the greatest common factor of 66745 and 38745?
35
Calculate the highest common divisor of 250264 and 3916976.
2296
Calculate the greatest common factor of 81 and 7545087.
9
What is the greatest common divisor of 6449395 and 155?
155
What is the highest common factor of 319980066 and 18984?
4746
What is the highest common factor of 4449 and 51970252?
1483
Calculate the highest common divisor of 300 and 19900.
100
Calculate the greatest common divisor of 8056 and 208622204.
4028
Calculate the highest common factor of 9349985 and 4190.
2095
Calculate the highest common factor of 1874214 and 342.
18
Calculate the greatest common divisor of 28832 and 1401134288.
14416
Calculate the greatest common divisor of 35484392 and 40.
8
Calculate the greatest common divisor of 114 and 2845383.
57
Calculate the greatest common divisor of 336 and 11353314.
42
What is the greatest common divisor of 100 and 327620?
20
Calculate the greatest common factor of 874 and 350398.
38
Calculate the highest common divisor of 1295 and 111576941.
259
Calculate the greatest common factor of 148 and 324075526.
74
What is the greatest common factor of 89806688 and 544?
32
What is the highest common divisor of 22630 and 65?
5
What is the highest common factor of 2744 and 8273272?
56
What is the greatest common factor of 221603 and 14?
1
What is the greatest common factor of 103289 and 2?
1
What is the greatest common divisor of 5 and 10621159?
1
Calculate the greatest common divisor of 3294 and 13612882.
122
What is the highest common divisor of 368225 and 8820405?
5665
What is the greatest common divisor of 6842603 and 45733?
1577
What is the greatest common divisor of 44733 and 2218515?
1209
What is the greatest common divisor of 576587 and 226481?
989
What is the highest common divisor of 85650 and 750?
150
Calculate the highest common divisor of 47138 and 905814.
1274
What is the highest common factor of 11447002 and 89?
89
What is the highest common factor of 7909218 and 90?
18
What is the greatest common factor of 782 and 16362959?
391
Calculate the highest common divisor of 53200341 and 54.
27
Calculate the greatest common divisor of 13 and 551383.
1
Calculate the greatest common factor of 3869827 and 26.
13
Calculate the highest common factor of 109347100 and 500.
100
What is the greatest common divisor of 98 and 980174?
2
What is the highest common divisor of 54525 and 100326?
2181
Calculate the greatest common factor of 1068159 and 58776.
237
What is the greatest common factor of 27525873 and 1428?
51
What is the greatest common divisor of 281962543 and 23?
23
Calculate the highest common divisor of 483468500 and 40.
20
What is the greatest common divisor of 3752013 and 61755?
69
What is the highest common factor of 47 and 269448227?
47
Calculate the highest common divisor of 297640503 and 7586.
3793
Calculate the greatest common factor of 598 and 2978378.
26
Calculate the greatest common divisor of 522 and 337018338.
522
Calculate the greatest common divisor of 8584 and 2085616.
296
What is the highest common divisor of 3351 and 38112040?
1117
Calculate the greatest common factor of 484 and 375961168.
44
Calculate the highest common divisor of 27104 and 3825668.
308
Calculate the greatest common divisor of 4128580 and 320.
20
What is the highest common divisor of 476 and 12645059?
119
Calculate the greatest common factor of 6115104 and 8874.
306
Calculate the greatest common divisor of 23260224 and 96.
96
What is the highest common divisor of 1569 and 256610996?
523
What is the highest common factor of 9849 and 14900331?
201
Calculate the greatest common divisor of 1800980 and 390660.
340
What is the greatest common factor of 3531 and 2016597?
33
Calculate the highest common factor of 146276 and 6693388.
5044
Calculate the highest common factor of 223706469 and 733.
733
What is the highest common divisor of 3485863 and 707550?
4717
What is the greatest common divisor of 484886 and 20750?
166
What is the highest common divisor of 34410483 and 3582?
1791
What is the highest common factor of 11308 and 47292883?
2827
What is the greatest common divisor of 8277712 and 1424?
1424
Calculate the greatest common divisor of 166 and 718020301.
83
Calculate the greatest common factor of 32550 and 1529199.
651
What is the greatest common divisor of 24933698 and 1826?
166
Calculate the greatest common factor of 3260 and 93305.
5
What is the highest common factor of 87636167 and 43567?
2293
Calculate the highest common divisor of 716786925 and 10.
5
Calculate the highest common factor of 12 and 10887116.
4
What is the highest common factor of 1 and 144288259?
1
Calculate the greatest common divisor of 204433 and 617215.
89
Calculate the greatest common divisor of 13915 and 2205470.
115
Calculate the highest common factor of 726406651 and 34.
17
Calculate the highest common factor of 358 and 28732364.
358
What is the highest common divisor of 8533 and 6748?
7
What is the greatest common factor of 1608 and 1531056?
24
Calculate the highest common factor of 407 and 733303.
37
What is the greatest common factor of 9715716 and 129648?
876
Calculate the highest common divisor of 38478008 and 148.
4
Calculate the greatest common factor of 435 and 1254746190.
435
Calculate the highest common divisor of 819 and 5994765.
63
Calculate the greatest common factor of 370319 and 7447.
677
What is the greatest common factor of 472 and 387359662?
118
Calculate the highest common divisor of 120 and 72833520.
120
What is the highest common divisor of 9115 and 883015625?
9115
What is the greatest common divisor of 87371148 and 84?
12
Calculate the highest common divisor of 248880 and 29715540.
3660
Calculate the highest common factor of 126 and 4268362.
14
What is the greatest common factor of 4667668 and 136021?
7159
Calculate the greatest common divisor of 1014 and 1337621142.
1014
What is the greatest common divisor of 387177 and 116887?
179
Calculate the greatest common factor of 890819496 and 504.
504
Calculate the greatest common divisor of 4136 and 247726754.
1034
What is the greatest common factor of 504 and 5660648?
56
Calculate the greatest common divisor of 293113781 and 1046.
523
Calculate the greatest common divisor of 66 and 1057935351.
33
What is the greatest common factor of 20033161 and 3565?
713
What is the greatest common factor of 4148 and 4234564?
68
What is the greatest common divisor of 8395804 and 1422?
158
Calculate the greatest common factor of 7944 and 425628928.
2648
Calculate the greatest common factor of 317698444 and 7147.
7147
Calculate the highest common divisor of 32688300 and 450.
150
What is the highest common divisor of 227511653 and 23?
23
Calculate the highest common factor of 655050 and 3234.
66
What is the highest common factor of 15009192 and 1584?
792
What is the greatest common divisor of 1215 and 146446785?
405
Calculate the highest common divisor of 1837022 and 10.
2
What is the highest common factor of 10008 and 38424?
24
What is the greatest common divisor of 1347 and 437683853?
449
What is the greatest common divisor of 2751 and 11388993?
21
Calculate the highest common factor of 16528762 and 18778.
458
Calculate the highest common divisor of 57 and 2402800629.
57
What is the greatest common divisor of 48 and 40923366?
6
What is the highest common divisor of 1754755 and 394165?
155
What is the greatest common divisor of 523550 and 18685?
185
Calculate the highest common divisor of 42 and 334978.
14
Calculate the greatest common factor of 16461 and 3123.
9
What is the highest common factor of 15729648 and 176?
176
What is the highest common factor of 4136613 and 861?
123
Calculate the highest common divisor of 155616 and 99133876.
6484
Calculate the highest common factor of 884586 and 70494.
2274
What is the greatest common factor of 266 and 77341742?
38
Calculate the greatest common divisor of 2502927 and 4431.
21
Calculate the greatest common factor of 3275 and 5221660.
655
Calculate the highest common divisor of 19726 and 11774.
14
Calculate the greatest common divisor of 22900263 and 622117.
4541
Calculate the greatest common factor of 183042 and 198.
18
Calculate the highest common factor of 3128 and 78971052.
15